[INFO] fetching crate decentralized_id 0.0.2...
[INFO] checking decentralized_id-0.0.2 against try#72f88fc4e9458f89516a0b8b0868f3718aec5b47 for pr-74989
[INFO] extracting crate decentralized_id 0.0.2 into /workspace/builds/worker-9/source
[INFO] validating manifest of crates.io crate decentralized_id 0.0.2 on toolchain 72f88fc4e9458f89516a0b8b0868f3718aec5b47
[INFO] running `Command { std: "/workspace/cargo-home/bin/cargo" "+72f88fc4e9458f89516a0b8b0868f3718aec5b47" "read-manifest" "--manifest-path" "Cargo.toml", kill_on_drop: false }`
[INFO] started tweaking crates.io crate decentralized_id 0.0.2
[INFO] finished tweaking crates.io crate decentralized_id 0.0.2
[INFO] tweaked toml for crates.io crate decentralized_id 0.0.2 written to /workspace/builds/worker-9/source/Cargo.toml
[INFO] running `Command { std: "/workspace/cargo-home/bin/cargo" "+72f88fc4e9458f89516a0b8b0868f3718aec5b47" "generate-lockfile" "--manifest-path" "Cargo.toml" "-Zno-index-update", kill_on_drop: false }`
[INFO] running `Command { std: "/workspace/cargo-home/bin/cargo" "+72f88fc4e9458f89516a0b8b0868f3718aec5b47" "fetch" "--locked" "--manifest-path" "Cargo.toml", kill_on_drop: false }`
[INFO] [stderr]  Downloading crates ...
[INFO] [stderr]   Downloaded assert_cmd v0.10.2
[INFO] [stderr]   Downloaded stream-cipher v0.3.2
[INFO] [stderr]   Downloaded slice-deque v0.2.4
[INFO] [stderr]   Downloaded ed25519 v1.0.2
[INFO] [stderr]   Downloaded num-derive v0.3.2
[INFO] [stderr]   Downloaded escargot v0.3.1
[INFO] [stderr]   Downloaded ed25519-dalek v1.0.0
[INFO] [stderr]   Downloaded curve25519-dalek v3.0.0
[INFO] [stderr]   Downloaded des v0.3.0
[INFO] [stderr]   Downloaded num-bigint-dig v0.6.0
[INFO] [stderr]   Downloaded sha3 v0.8.2
[INFO] [stderr]   Downloaded crc24 v0.1.6
[INFO] [stderr]   Downloaded cast5 v0.6.0
[INFO] [stderr]   Downloaded signature v1.2.2
[INFO] [stderr]   Downloaded predicates v1.0.5
[INFO] [stderr]   Downloaded bitfield v0.13.2
[INFO] [stderr]   Downloaded clear_on_drop v0.2.4
[INFO] [stderr]   Downloaded exitfailure v0.5.1
[INFO] [stderr]   Downloaded ra_common v0.0.2
[INFO] [stderr]   Downloaded cfb-mode v0.3.2
[INFO] [stderr]   Downloaded twofish v0.2.0
[INFO] [stderr]   Downloaded blowfish v0.4.0
[INFO] [stderr]   Downloaded rsa v0.2.0
[INFO] [stderr]   Downloaded block-modes v0.3.3
[INFO] [stderr]   Downloaded circular v0.3.0
[INFO] [stderr]   Downloaded pgp v0.4.1
[INFO] running `Command { std: "docker" "create" "-v" "/var/lib/crater-agent-workspace/builds/worker-9/target:/opt/rustwide/target:rw,Z" "-v" "/var/lib/crater-agent-workspace/builds/worker-9/source:/opt/rustwide/workdir:ro,Z" "-v" "/var/lib/crater-agent-workspace/cargo-home:/opt/rustwide/cargo-home:ro,Z" "-v" "/var/lib/crater-agent-workspace/rustup-home:/opt/rustwide/rustup-home:ro,Z" "-e" "SOURCE_DIR=/opt/rustwide/workdir" "-e" "CARGO_TARGET_DIR=/opt/rustwide/target" "-e" "CARGO_HOME=/opt/rustwide/cargo-home" "-e" "RUSTUP_HOME=/opt/rustwide/rustup-home" "-w" "/opt/rustwide/workdir" "-m" "1610612736" "--user" "0:0" "--network" "none" "rustops/crates-build-env@sha256:d92eaeed33fa75130ca1ee6c8a01d1ffb62bac859dfdfb3450e3e5d1c0146529" "/opt/rustwide/cargo-home/bin/cargo" "+72f88fc4e9458f89516a0b8b0868f3718aec5b47" "metadata" "--no-deps" "--format-version=1", kill_on_drop: false }`
[INFO] [stderr] WARNING: Your kernel does not support swap limit capabilities or the cgroup is not mounted. Memory limited without swap.
[INFO] [stdout] a1545e4061be6182cd1d3c2786c53556b5167bac1e9db593b4ebb250c310c9f1
[INFO] running `Command { std: "docker" "start" "-a" "a1545e4061be6182cd1d3c2786c53556b5167bac1e9db593b4ebb250c310c9f1", kill_on_drop: false }`
[INFO] running `Command { std: "docker" "inspect" "a1545e4061be6182cd1d3c2786c53556b5167bac1e9db593b4ebb250c310c9f1", kill_on_drop: false }`
[INFO] running `Command { std: "docker" "rm" "-f" "a1545e4061be6182cd1d3c2786c53556b5167bac1e9db593b4ebb250c310c9f1", kill_on_drop: false }`
[INFO] [stdout] a1545e4061be6182cd1d3c2786c53556b5167bac1e9db593b4ebb250c310c9f1
[INFO] running `Command { std: "docker" "create" "-v" "/var/lib/crater-agent-workspace/builds/worker-9/target:/opt/rustwide/target:rw,Z" "-v" "/var/lib/crater-agent-workspace/builds/worker-9/source:/opt/rustwide/workdir:ro,Z" "-v" "/var/lib/crater-agent-workspace/cargo-home:/opt/rustwide/cargo-home:ro,Z" "-v" "/var/lib/crater-agent-workspace/rustup-home:/opt/rustwide/rustup-home:ro,Z" "-e" "SOURCE_DIR=/opt/rustwide/workdir" "-e" "CARGO_TARGET_DIR=/opt/rustwide/target" "-e" "CARGO_INCREMENTAL=0" "-e" "RUST_BACKTRACE=full" "-e" "RUSTFLAGS=--cap-lints=forbid" "-e" "CARGO_HOME=/opt/rustwide/cargo-home" "-e" "RUSTUP_HOME=/opt/rustwide/rustup-home" "-w" "/opt/rustwide/workdir" "-m" "1610612736" "--user" "0:0" "--network" "none" "rustops/crates-build-env@sha256:d92eaeed33fa75130ca1ee6c8a01d1ffb62bac859dfdfb3450e3e5d1c0146529" "/opt/rustwide/cargo-home/bin/cargo" "+72f88fc4e9458f89516a0b8b0868f3718aec5b47" "check" "--frozen" "--all" "--all-targets" "--message-format=json", kill_on_drop: false }`
[INFO] [stdout] 33484e6eed9804052bd11acd4ef63e8aafb8977618024a2175de384daec7a4d2
[INFO] [stderr] WARNING: Your kernel does not support swap limit capabilities or the cgroup is not mounted. Memory limited without swap.
[INFO] running `Command { std: "docker" "start" "-a" "33484e6eed9804052bd11acd4ef63e8aafb8977618024a2175de384daec7a4d2", kill_on_drop: false }`
[INFO] [stderr]    Compiling proc-macro2 v1.0.21
[INFO] [stderr]    Compiling unicode-xid v0.2.1
[INFO] [stderr]    Compiling typenum v1.12.0
[INFO] [stderr]    Compiling syn v1.0.40
[INFO] [stderr]    Compiling libc v0.2.77
[INFO] [stderr]    Compiling byteorder v1.3.4
[INFO] [stderr]     Checking cfg-if v0.1.10
[INFO] [stderr]    Compiling autocfg v1.0.1
[INFO] [stderr]     Checking opaque-debug v0.2.3
[INFO] [stderr]    Compiling getrandom v0.1.15
[INFO] [stderr]    Compiling serde_derive v1.0.116
[INFO] [stderr]     Checking byte-tools v0.3.1
[INFO] [stderr]    Compiling serde v1.0.116
[INFO] [stderr]    Compiling version_check v0.9.2
[INFO] [stderr]     Checking adler v0.2.3
[INFO] [stderr]    Compiling failure_derive v0.1.8
[INFO] [stderr]     Checking gimli v0.22.0
[INFO] [stderr]     Checking subtle v2.3.0
[INFO] [stderr]     Checking ppv-lite86 v0.2.9
[INFO] [stderr]    Compiling fnv v1.0.7
[INFO] [stderr]     Checking object v0.20.0
[INFO] [stderr]    Compiling strsim v0.9.3
[INFO] [stderr]    Compiling ident_case v1.0.1
[INFO] [stderr]     Checking rustc-demangle v0.1.16
[INFO] [stderr]    Compiling autocfg v0.1.7
[INFO] [stderr]    Compiling memchr v2.3.3
[INFO] [stderr]    Compiling libm v0.2.1
[INFO] [stderr]     Checking spin v0.5.2
[INFO] [stderr]    Compiling ryu v1.0.5
[INFO] [stderr]    Compiling cc v1.0.59
[INFO] [stderr]    Compiling version_check v0.1.5
[INFO] [stderr]    Compiling crc32fast v1.2.0
[INFO] [stderr]    Compiling log v0.4.11
[INFO] [stderr]     Checking smallvec v1.4.2
[INFO] [stderr]     Checking fake-simd v0.1.2
[INFO] [stderr]    Compiling derive_builder v0.9.0
[INFO] [stderr]     Checking signature v1.2.2
[INFO] [stderr]     Checking opaque-debug v0.3.0
[INFO] [stderr]     Checking cpuid-bool v0.1.2
[INFO] [stderr]    Compiling crc24 v0.1.6
[INFO] [stderr]    Compiling serde_json v1.0.57
[INFO] [stderr]    Compiling escargot v0.3.1
[INFO] [stderr]     Checking keccak v0.1.0
[INFO] [stderr]     Checking itoa v0.4.6
[INFO] [stderr]     Checking safemem v0.3.3
[INFO] [stderr]     Checking predicates-core v1.0.0
[INFO] [stderr]     Checking difference v2.0.0
[INFO] [stderr]     Checking circular v0.3.0
[INFO] [stderr]     Checking base64 v0.11.0
[INFO] [stderr]     Checking bitfield v0.13.2
[INFO] [stderr]     Checking hex v0.4.2
[INFO] [stderr]     Checking treeline v0.1.0
[INFO] [stderr]     Checking try_from v0.3.2
[INFO] [stderr]     Checking block-padding v0.1.5
[INFO] [stderr]     Checking miniz_oxide v0.4.1
[INFO] [stderr]    Compiling generic-array v0.14.4
[INFO] [stderr]     Checking lazy_static v1.4.0
[INFO] [stderr]    Compiling num-traits v0.2.12
[INFO] [stderr]    Compiling num-integer v0.1.43
[INFO] [stderr]    Compiling num-iter v0.1.41
[INFO] [stderr]     Checking ed25519 v1.0.2
[INFO] [stderr]     Checking predicates v1.0.5
[INFO] [stderr]    Compiling nom v4.2.3
[INFO] [stderr]     Checking predicates-tree v1.0.0
[INFO] [stderr]    Compiling num-bigint-dig v0.6.0
[INFO] [stderr]    Compiling quote v1.0.7
[INFO] [stderr]    Compiling clear_on_drop v0.2.4
[INFO] [stderr]     Checking time v0.1.44
[INFO] [stderr]     Checking slice-deque v0.2.4
[INFO] [stderr]     Checking flate2 v1.0.17
[INFO] [stderr]     Checking rand_core v0.5.1
[INFO] [stderr]     Checking rand_chacha v0.2.2
[INFO] [stderr]     Checking generic-array v0.12.3
[INFO] [stderr]     Checking buf_redux v0.8.4
[INFO] [stderr]     Checking block-cipher-trait v0.6.2
[INFO] [stderr]     Checking digest v0.8.1
[INFO] [stderr]     Checking block-buffer v0.7.3
[INFO] [stderr]     Checking stream-cipher v0.3.2
[INFO] [stderr]     Checking rand v0.7.3
[INFO] [stderr]     Checking sha3 v0.8.2
[INFO] [stderr]     Checking sha-1 v0.8.2
[INFO] [stderr]     Checking sha2 v0.8.2
[INFO] [stderr]     Checking ripemd160 v0.8.0
[INFO] [stderr]     Checking md-5 v0.8.0
[INFO] [stderr]     Checking aes-soft v0.3.3
[INFO] [stderr]     Checking des v0.3.0
[INFO] [stderr]     Checking cfb-mode v0.3.2
[INFO] [stderr]     Checking cast5 v0.6.0
[INFO] [stderr]     Checking block-modes v0.3.3
[INFO] [stderr]     Checking twofish v0.2.0
[INFO] [stderr]     Checking blowfish v0.4.0
[INFO] [stderr]     Checking chrono v0.4.15
[INFO] [stderr]     Checking aes v0.3.2
[INFO] [stderr]     Checking digest v0.9.0
[INFO] [stderr]     Checking block-buffer v0.9.0
[INFO] [stderr]     Checking addr2line v0.13.0
[INFO] [stderr]     Checking sha2 v0.9.1
[INFO] [stderr]     Checking backtrace v0.3.50
[INFO] [stderr]    Compiling synstructure v0.12.4
[INFO] [stderr]    Compiling darling_core v0.10.2
[INFO] [stderr]    Compiling zeroize_derive v1.0.0
[INFO] [stderr]    Compiling thiserror-impl v1.0.20
[INFO] [stderr]    Compiling num-derive v0.3.2
[INFO] [stderr]     Checking zeroize v1.1.0
[INFO] [stderr]    Compiling darling_macro v0.10.2
[INFO] [stderr]     Checking curve25519-dalek v3.0.0
[INFO] [stderr]     Checking curve25519-dalek v2.1.0
[INFO] [stderr]     Checking failure v0.1.8
[INFO] [stderr]     Checking thiserror v1.0.20
[INFO] [stderr]     Checking exitfailure v0.5.1
[INFO] [stderr]     Checking ra_common v0.0.2
[INFO] [stderr]     Checking x25519-dalek v0.6.0
[INFO] [stderr]    Compiling darling v0.10.2
[INFO] [stderr]    Compiling derive_builder_core v0.9.0
[INFO] [stderr]     Checking ed25519-dalek v1.0.0
[INFO] [stderr]     Checking assert_cmd v0.10.2
[INFO] [stderr]     Checking rsa v0.2.0
[INFO] [stderr]     Checking pgp v0.4.1
[INFO] [stdout] error[E0599]: no function or associated item named `from_bytes` found for struct `ed25519_dalek::Signature` in the current scope
[INFO] [stdout]   --> /opt/rustwide/cargo-home/registry/src/github.com-1ecc6299db9ec823/pgp-0.4.1/src/crypto/eddsa.rs:58:49
[INFO] [stdout]    |
[INFO] [stdout] 58 |             let sig = ed25519_dalek::Signature::from_bytes(&sig_bytes)?;
[INFO] [stdout]    |                                                 ^^^^^^^^^^
[INFO] [stdout]    |                                                 |
[INFO] [stdout]    |                                                 function or associated item not found in `ed25519_dalek::Signature`
[INFO] [stdout]    |                                                 help: there is an associated function with a similar name: `to_bytes`
[INFO] [stdout]    |
[INFO] [stdout]    = help: items from traits can only be used if the trait is in scope
[INFO] [stdout]    = note: the following trait is implemented but not in scope; perhaps add a `use` for it:
[INFO] [stdout]            `use ed25519_dalek::ed25519::signature::Signature;`
[INFO] [stdout] 
[INFO] [stdout] 
[INFO] [stdout] error[E0599]: no method named `verify` found for struct `ed25519_dalek::PublicKey` in the current scope
[INFO] [stdout]   --> /opt/rustwide/cargo-home/registry/src/github.com-1ecc6299db9ec823/pgp-0.4.1/src/crypto/eddsa.rs:60:16
[INFO] [stdout]    |
[INFO] [stdout] 60 |             pk.verify(hashed, &sig)?;
[INFO] [stdout]    |                ^^^^^^ method not found in `ed25519_dalek::PublicKey`
[INFO] [stdout]    |
[INFO] [stdout]    = help: items from traits can only be used if the trait is in scope
[INFO] [stdout]    = note: the following trait is implemented but not in scope; perhaps add a `use` for it:
[INFO] [stdout]            `use ed25519_dalek::Verifier;`
[INFO] [stdout] 
[INFO] [stdout] 
[INFO] [stdout] error[E0599]: no method named `sign` found for struct `Keypair` in the current scope
[INFO] [stdout]   --> /opt/rustwide/cargo-home/registry/src/github.com-1ecc6299db9ec823/pgp-0.4.1/src/crypto/eddsa.rs:83:24
[INFO] [stdout]    |
[INFO] [stdout] 83 |     let signature = kp.sign(digest);
[INFO] [stdout]    |                        ^^^^ method not found in `Keypair`
[INFO] [stdout]    |
[INFO] [stdout]    = help: items from traits can only be used if the trait is in scope
[INFO] [stdout]    = note: the following trait is implemented but not in scope; perhaps add a `use` for it:
[INFO] [stdout]            `use ed25519_dalek::Signer;`
[INFO] [stdout] 
[INFO] [stdout] 
[INFO] [stdout] error: aborting due to 3 previous errors
[INFO] [stdout] 
[INFO] [stdout] 
[INFO] [stdout] For more information about this error, try `rustc --explain E0599`.
[INFO] [stdout] 
[INFO] [stderr] error: could not compile `pgp`.
[INFO] [stderr] 
[INFO] [stderr] To learn more, run the command again with --verbose.
[INFO] running `Command { std: "docker" "inspect" "33484e6eed9804052bd11acd4ef63e8aafb8977618024a2175de384daec7a4d2", kill_on_drop: false }`
[INFO] running `Command { std: "docker" "rm" "-f" "33484e6eed9804052bd11acd4ef63e8aafb8977618024a2175de384daec7a4d2", kill_on_drop: false }`
[INFO] [stdout] 33484e6eed9804052bd11acd4ef63e8aafb8977618024a2175de384daec7a4d2
